actor of 7550?
True
Is 23 a factor of 345?
True
Is 15 a factor of 4290?
True
Does 14 divide 19043?
False
Is 49640 a multiple of 340?
True
Does 8 divide 3232?
True
Is 57 a factor of 627?
True
Is 116 a multiple of 29?
True
Does 45 divide 53875?
False
Is 50009 a multiple of 82?
False
Is 17390 a multiple of 74?
True
Does 197 divide 1182?
True
Does 88 divide 1326?
False
Is 13 a factor of 63393?
False
Is 3154 a multiple of 11?
False
Is 25893 a multiple of 63?
True
Is 11 a factor of 13739?
True
Is 131 a factor of 917?
True
Is 616 a multiple of 7?
True
Is 64638 a multiple of 9?
True
Is 95 a factor of 5440?
False
Is 9 a multiple of 2?
False
Is 15473 a multiple of 12?
False
Is 675 a multiple of 45?
True
Is 1005 a multiple of 7?
False
Is 856 even?
True
Is 4266 a multiple of 18?
True
Does 6 divide 8580?
True
Is 13392 a multiple of 144?
True
Does 50 divide 8044?
False
Is 83 even?
False
Does 45 divide 765?
True
Is 3 a factor of 1914?
True
Does 5 divide 5?
True
Does 64 divide 397?
False
Is 4 a factor of 180?
True
Does 13 divide 56724?
False
Does 80 divide 1760?
True
Is 792 a multiple of 12?
True
Is 2 a factor of 246?
True
Does 83 divide 92816?
False
Does 25 divide 5125?
True
Is 648 a multiple of 27?
True
Is 31 a factor of 73?
False
Is 25 a factor of 5275?
True
Is 4683 a multiple of 4?
False
Is 209 a factor of 28215?
True
Is 746 a multiple of 33?
False
Is 4 a factor of 20?
True
Is 4386 a multiple of 102?
True
Is 44 a multiple of 19?
False
Is 503 a multiple of 8?
False
Does 3 divide 454?
False
Is 13 a factor of 73463?
True
Is 10 a factor of 1451?
False
Is 14032 a multiple of 35?
False
Does 45 divide 45855?
True
Is 46 a factor of 9249?
False
Does 33 divide 505?
False
Is 884 a multiple of 26?
True
Is 12830 a multiple of 42?
False
Does 3 divide 68?
False
Is 17664 a multiple of 66?
False
Is 7071 a multiple of 11?
False
Is 540 a multiple of 45?
True
Is 133 a factor of 54451?
False
Is 26 a multiple of 2?
True
Does 150 divide 4698?
False
Does 41 divide 7462?
True
Is 66 a factor of 3696?
True
Does 13 divide 1417?
True
Does 15 divide 1425?
True
Is 548 a multiple of 20?
False
Is 1342 a multiple of 61?
True
Is 1596 a multiple of 38?
True
Is 18 a multiple of 10?
False
Is 10 a factor of 320?
True
Is 39 a factor of 1794?
True
Is 16 a factor of 815?
False
Does 27 divide 1332?
False
Is 23 a factor of 282?
False
Is 436 a multiple of 18?
False
Does 54 divide 33750?
True
Is 805 a multiple of 7?
True
Is 156 a multiple of 13?
True
Is 11 a factor of 4626?
False
Is 96 a multiple of 7?
False
Is 567 a multiple of 7?
True
Does 7 divide 4662?
True
Does 122 divide 39514?
False
Is 9 a factor of 4869?
True
Does 70 divide 19370?
False
Is 391 a multiple of 3?
False
Does 35 divide 175?
True
Is 23 a factor of 667?
True
Is 9853 a multiple of 13?
False
Is 5474 a multiple of 23?
True
Is 8 a factor of 5681?
False
Is 2 a factor of 1466?
True
Does 20 divide 1916?
False
Is 5 a factor of 8315?
True
Is 10 a factor of 3328?
False
Does 16 divide 169?
False
Is 47 a factor of 17437?
True
Does 16 divide 1252?
False
Does 9 divide 1618?
False
Is 2238 a multiple of 50?
False
Is 93 a factor of 1488?
True
Is 21 a factor of 5639?
False
Is 32571 a multiple of 21?
True
Does 130 divide 5200?
True
Is 69053 a multiple of 124?
False
Is 26 a factor of 6471?
False
Is 308 a multiple of 11?
True
Does 98 divide 3724?
True
Is 46 a factor of 1794?
True
Is 89 a factor of 21004?
True
Is 4268 a multiple of 44?
True
Is 9708 a multiple of 12?
True
Is 1596 a multiple of 38?
True
Is 10 a factor of 5320?
True
Does 6 divide 450?
True
Is 1456 a multiple of 13?
True
Does 8 divide 768?
True
Does 65 divide 10262?
False
Is 26 a factor of 312?
True
Is 3952 even?
True
Is 61 a factor of 8601?
True
Is 636 a multiple of 6?
True
Does 8 divide 1262?
False
Does 14 divide 2174?
False
Does 72 divide 1444?
False
Does 53 divide 379?
False
Is 19550 a multiple of 57?
False
Is 26 a factor of 9568?
True
Is 19 a factor of 22059?
True
Is 89 a factor of 1068?
True
Does 11 divide 7541?
False
Is 57 a factor of 70737?
True
Is 18729 a multiple of 11?
False
Is 2650 a multiple of 10?
True
Does 142 divide 4081?
False
Is 52 a factor of 39104?
True
Does 25 divide 1125?
True
Is 3800 a multiple of 7?
False
Is 25 a factor of 14550?
True
Does 23 divide 24013?
False
Is 37 a factor of 763?
False
Is 7271 a multiple of 13?
False
Is 1165 a multiple of 34?
False
Does 41 divide 328?
True
Is 12 a factor of 192?
True
Is 185 a multiple of 3?
False
Is 12 a factor of 74674?
False
Does 7 divide 5152?
True
Is 38 a factor of 874?
True
Is 1051 a multiple of 108?
False
Is 104 a factor of 31155?
False
Does 33 divide 135?
False
Does 145 divide 2089?
False
Does 32 divide 16576?
True
Is 166 a multiple of 2?
True
Is 10 a factor of 330?
True
Is 13049 a multiple of 222?
False
Is 19 a factor of 5323?
False
Does 170 divide 98180?
False
Is 1092 a multiple of 77?
False
Is 601 a multiple of 3?
False
Does 70 divide 1330?
True
Is 16 a factor of 498?
False
Is 73 a multiple of 15?
False
Does 18 divide 1116?
True
Is 859 a multiple of 7?
False
Is 19679 a multiple of 25?
False
Does 11 divide 18469?
True
Does 13 divide 16770?
True
Does 14 divide 2800?
True
Is 6316 a multiple of 109?
False
Is 28950 a multiple of 21?
False
Is 671 a multiple of 11?
True
Is 136 a factor of 21352?
True
Is 21 a factor of 21103?
False
Is 6 a factor of 3765?
False
Is 66 a multiple of 3?
True
Is 90 a multiple of 4?
False
Does 7 divide 182?
True
Is 140 a factor of 3661?
False
Does 57 divide 5016?
True
Is 4597 a multiple of 21?
False
Is 4706 a multiple of 26?
True
Is 3402 a multiple of 21?
True
Is 11 a factor of 727?
False
Does 19 divide 1368?
True
Is 24125 a multiple of 215?
False
Is 11 a factor of 77?
True
Is 20103 a multiple of 32?
False
Does 17 divide 24?
False
Does 60 divide 5491?
False
Is 95 a factor of 1039?
False
Does 7 divide 9702?
True
Does 14 divide 252?
True
Is 4 a factor of 126?
False
Is 11 a factor of 3971?
True
Does 6 divide 294?
True
Is 99 a multiple of 15?
False
Is 157 a factor of 11618?
True
Does 7 divide 7?
True
Does 22 divide 2926?
True
Is 123 a factor of 2091?
True
Is 1622 a multiple of 16?
False
Does 96 divide 1338?
False
Does 11 divide 445?
False
Does 42 divide 378?
True
Does 16 divide 576?
True
Is 17 a factor of 100793?
True
Is 437 a multiple of 23?
True
Is 58 a factor of 1203?
False
Is 68 a factor of 835?
False
Is 148 a factor of 2664?
True
Is 379 a multiple of 169?
False
Is 6776 a multiple of 44?
True
Does 3 divide 1278?
True
Is 61 a factor of 1891?
True
Is 2501 a multiple of 122?
False
Is 3871 a multiple of 176?
False
Does 12 divide 142860?
True
Is 472 a multiple of 103?
False
Is 1556 a multiple of 11?
False
Is 510 a multiple of 30?
True
Is 11 a factor of 1175?
False
Is 7657 a multiple of 74?
False
Is 6952 a multiple of 79?
True
Is 9 a factor of 17183?
False
Does 16 divide 5808?
True
Is 31 a factor of 496?
True
Is 4062 a multiple of 146?
False
Is 38148 a multiple of 33?
True
Is 3 a factor of 6495?
True
Is 75 a factor of 1307?
False
Does 12 divide 72?
True
Is 19 a factor of 30689?
False
Does 14 divide 16660?
True
Does 7 divide 200?
False
Is 2115 a multiple of 15?
True
Does 10 divide 29590?
True
Is 11 a factor of 5906?
False
Does 3 divide 281?
False
Is 11 a factor of 1045?
True
Does 15 divide 15285?
True
Is 480 a multiple of 12?
True
Is 51075 a multiple of 23?
False
Does 23 divide 3223?
False
Is 10 a factor of 7239?
False
Is 29 a factor of 2929?
True
Is 17304 a multiple of 28?
True
Is 195 a factor of 9522?
False
Is 190 a multiple of 13?
False
Is 7865 a multiple of 121?
True
Is 13689 a multiple of 81?
True
Is 2932 a multiple of 70?
False
Does 29 divide 698?
False
Does 60 divide 3235?
False
Is 4 a factor of 6205?
False
Is 70 a factor of 770?
True
Does 58 divide 15080?
True
Does 22 divide 4664?
True
Is 22 a factor of 9689?
False
Is 17 a factor of 1021?
False
Is 2470 a multiple of 42?
False
Is 39 a factor of 195?
True
Is 12 a factor of 2587?
False
Is 6 a factor of 2444?
False
Does 55 divide 1595?
True
Does 13 divide 92?
False
Does 73 divide 73434?
False
Does 22 divide 6314?
True
Is 61260 a multiple of 20?
True
Does 7 divide 4501?
True
Is 16 a factor of 1649?
False
Is 605 a multiple of 72?
False
Does 23 divide 121?
False
Is 35 a multiple of 7?
True
Is 666 a multiple of 9?
True
Is 75 a multiple of 2?
False
Is 1